or of 357 and 42?
21
Calculate the greatest common divisor of 21 and 3318.
21
Calculate the highest common factor of 32 and 56.
8
What is the greatest common factor of 38 and 2774?
38
Calculate the highest common divisor of 59 and 54221.
59
What is the highest common divisor of 7476 and 14?
14
Calculate the greatest common divisor of 31752 and 294.
294
Calculate the greatest common divisor of 14 and 42.
14
Calculate the greatest common factor of 1 and 1009.
1
Calculate the highest common factor of 225 and 360.
45
What is the greatest common divisor of 8512 and 2926?
266
What is the highest common divisor of 361 and 551?
19
Calculate the greatest common divisor of 12 and 16152.
12
What is the greatest common divisor of 275 and 143?
11
Calculate the highest common divisor of 160341 and 29.
29
Calculate the highest common divisor of 348 and 12.
12
What is the greatest common factor of 576 and 192?
192
What is the greatest common factor of 178 and 14418?
178
What is the highest common divisor of 854 and 182?
14
Calculate the greatest common divisor of 115 and 15.
5
Calculate the highest common factor of 426 and 12.
6
What is the highest common factor of 77 and 99?
11
What is the greatest common divisor of 175 and 50?
25
Calculate the highest common factor of 31 and 11129.
31
What is the greatest common factor of 99 and 891?
99
Calculate the highest common divisor of 27 and 666.
9
Calculate the highest common divisor of 1102 and 116.
58
Calculate the highest common factor of 151 and 3.
1
Calculate the highest common divisor of 572 and 4.
4
Calculate the highest common factor of 116 and 268.
4
Calculate the greatest common divisor of 26 and 767.
13
What is the greatest common factor of 85816 and 136?
136
Calculate the highest common factor of 9955 and 44.
11
Calculate the highest common divisor of 333 and 185.
37
What is the greatest common factor of 1144 and 13?
13
What is the greatest common divisor of 1000 and 31400?
200
What is the highest common factor of 30 and 4?
2
Calculate the greatest common divisor of 46 and 2.
2
What is the greatest common divisor of 72 and 128?
8
Calculate the greatest common factor of 3418 and 4.
2
What is the highest common divisor of 2037 and 294?
21
Calculate the greatest common divisor of 22464 and 64.
64
Calculate the highest common factor of 23 and 2783.
23
What is the highest common factor of 45 and 25?
5
What is the highest common divisor of 88 and 396?
44
Calculate the highest common factor of 184 and 56.
8
What is the highest common factor of 275 and 19525?
275
What is the highest common divisor of 578 and 102?
34
Calculate the highest common divisor of 452 and 8.
4
What is the highest common factor of 7 and 1792?
7
What is the greatest common divisor of 32 and 800?
32
Calculate the highest common divisor of 44 and 803.
11
Calculate the highest common divisor of 9 and 963.
9
Calculate the greatest common divisor of 49 and 833.
49
What is the greatest common factor of 60 and 2940?
60
What is the greatest common divisor of 12 and 18696?
12
Calculate the highest common divisor of 2354 and 22.
22
Calculate the greatest common divisor of 368 and 688.
16
What is the greatest common divisor of 244 and 40?
4
Calculate the greatest common divisor of 352 and 154.
22
What is the highest common divisor of 5900 and 50?
50
What is the highest common factor of 931 and 2646?
49
Calculate the greatest common divisor of 1806 and 42.
42
What is the greatest common factor of 22339 and 251?
251
What is the highest common factor of 132 and 5181?
33
What is the highest common factor of 645 and 135?
15
Calculate the greatest common divisor of 32 and 432.
16
Calculate the highest common factor of 715 and 3003.
143
Calculate the greatest common divisor of 3978 and 936.
234
Calculate the greatest common divisor of 50 and 6630.
10
Calculate the greatest common divisor of 1748 and 23.
23
What is the greatest common factor of 1880 and 16?
8
Calculate the greatest common factor of 104 and 3016.
104
Calculate the greatest common factor of 1053 and 572.
13
Calculate the greatest common factor of 93 and 217.
31
What is the highest common factor of 19 and 475?
19
What is the highest common factor of 16 and 7792?
16
What is the highest common divisor of 41 and 3?
1
What is the highest common divisor of 625 and 25?
25
Calculate the highest common factor of 106 and 36994.
106
Calculate the greatest common factor of 244 and 1098.
122
Calculate the greatest common factor of 1824 and 36.
12
Calculate the highest common factor of 60 and 510.
30
Calculate the highest common factor of 27 and 1233.
9
What is the highest common divisor of 255 and 75?
15
Calculate the greatest common factor of 270 and 75.
15
What is the highest common factor of 710 and 70?
10
Calculate the greatest common divisor of 15 and 12.
3
What is the greatest common factor of 2006 and 102?
34
Calculate the greatest common factor of 30 and 5430.
30
What is the highest common factor of 442 and 182?
26
Calculate the highest common divisor of 97 and 1649.
97
What is the highest common divisor of 220 and 88?
44
Calculate the greatest common divisor of 441 and 2499.
147
What is the highest common factor of 352 and 112?
16
Calculate the highest common factor of 851 and 92.
23
Calculate the highest common divisor of 345 and 15.
15
Calculate the highest common divisor of 19 and 85177.
19
What is the highest common divisor of 1735 and 60?
5
What is the greatest common divisor of 2282 and 1793?
163
What is the highest common factor of 6 and 174?
6
Calculate the greatest common divisor of 40898 and 26.
26
Calculate the highest common divisor of 200 and 810.
10
What is the highest common factor of 2304 and 9?
9
What is the greatest common divisor of 92 and 13708?
92
Calculate the greatest common divisor of 2 and 74.
2
Calculate the highest common divisor of 91 and 182.
91
What is the highest common divisor of 184 and 69?
23
What is the highest common factor of 3348 and 288?
36
What is the highest common divisor of 1035 and 6003?
207
Calculate the highest common divisor of 22 and 44.
22
What is the greatest common divisor of 36 and 1536?
12
What is the greatest common divisor of 3478 and 94?
94
Calculate the greatest common divisor of 8 and 4.
4
Calculate the greatest common factor of 227 and 7264.
227
What is the highest common factor of 320 and 20?
20
What is the highest common divisor of 3680 and 345?
115
Calculate the greatest common factor of 18 and 162.
18
What is the greatest common factor of 9485 and 3252?
271
What is the highest common divisor of 17934 and 294?
294
What is the highest common divisor of 24 and 84?
12
What is the highest common divisor of 222 and 666?
222
What is the greatest common divisor of 9 and 17757?
9
What is the highest common divisor of 87 and 464?
29
Calculate the greatest common factor of 19 and 19.
19
What is the highest common factor of 105 and 21?
21
What is the greatest common factor of 329 and 141?
47
Calculate the highest common factor of 16370 and 10.
10
Calculate the highest common divisor of 2501 and 205.
41
What is the greatest common divisor of 3195 and 360?
45
What is the greatest common factor of 54 and 6291?
27
Calculate the highest common divisor of 83 and 913.
83
What is the highest common divisor of 90 and 54?
18
What is the greatest common factor of 1429 and 2?
1
Calculate the highest common factor of 747 and 72.
9
Calculate the greatest common divisor of 13 and 4.
1
What is the highest common divisor of 1325 and 954?
53
Calculate the greatest common divisor of 35 and 189.
7
Calculate the greatest common factor of 70 and 1470.
70
Calculate the greatest common factor of 760 and 1330.
190
Calculate the highest common divisor of 16 and 48.
16
What is the highest common factor of 17 and 12393?
17
What is the greatest common divisor of 81 and 36?
9
What is the highest common divisor of 279 and 81?
9
What is the highest common factor of 494 and 1254?
38
Calculate the highest common factor of 627 and 95.
19
What is the greatest common factor of 28 and 28?
28
Calculate the highest common factor of 95 and 20.
5
What is the greatest common divisor of 14986 and 118?
118
What is the greatest common divisor of 8 and 1592?
8
Calculate the greatest comm